23
Let o(r) = 4*r**2 + 8*r - 9. Calculate o(4).
87
Let d(l) = -3*l - 47. Calculate d(-17).
4
Let s(k) = -5*k**3 + 3*k**2 + k - 2. Give s(-1).
5
Let b(x) = -x**2 + 8*x - 2. Determine b(9).
-11
Let b(p) = p**2 + 13*p - 20. Calculate b(6).
94
Let m(x) = 3*x**2 + 9*x + 1. Determine m(-5).
31
Let u(b) = -b**3 - 9*b**2 - 7*b + 3. Calculate u(-8).
-5
Let o(u) = 6*u + 71. Give o(-12).
-1
Let x(z) = 24*z**3 + 2*z**2 - z - 1. What is x(1)?
24
Let s(m) = 2*m**3 + 31*m**2 + 17*m + 23. Give s(-15).
-7
Let j(h) = h**3 - 10*h**2 - 38*h - 8. Give j(13).
5
Let j(s) = -s**2 + 7*s - 2. Determine j(6).
4
Let z(w) = 20*w + 4. Calculate z(2).
44
Let m(k) = -k**3 + 12*k**2 - 24*k - 9. What is m(9)?
18
Let w(d) = -d**3 - 7*d**2 - 10*d + 16. What is w(-4)?
8
Let y(s) = -s**3 + 13*s**2 - 12*s - 5. Give y(12).
-5
Let n(y) = -y**3 + 7*y**2 + 6*y + 13. What is n(8)?
-3
Let t(o) = o**2 + 4*o + 4. What is t(-3)?
1
Let n(o) = 2*o**2 + 1. What is n(-1)?
3
Let n(a) = -a**2 - a + 2. Calculate n(2).
-4
Let a(x) = 119*x + 101. Give a(-1).
-18
Let r(c) = -6*c**2 - 27*c + 8. Calculate r(-5).
-7
Let f(b) = b**2 - 2*b - 18. What is f(-4)?
6
Let t(r) = -r**3 - 41*r**2 + 45*r + 132. Determine t(-42).
6
Let c(z) = z**2 - 22*z - 71. What is c(25)?
4
Let j(d) = -d**3 - 6*d**2 + 3*d + 3. Give j(-6).
-15
Let y(q) = -q**2 - 13*q - 6. Calculate y(-12).
6
Let v(f) = 3*f - 16. Calculate v(12).
20
Let m(p) = p - 13. Determine m(13).
0
Let g(a) = -15*a - 369. What is g(-25)?
6
Let h(m) = m**3 - m**2 - 6*m + 8. What is h(3)?
8
Let y(l) = -l**3 - 4*l**2 - 4*l. Give y(-4).
16
Let s(c) = 14*c - 75. Give s(6).
9
Let h(i) = i**2 - 2*i - 6. Give h(5).
9
Let k(f) = f**3 + 3*f**2 - 19*f - 1. Determine k(-6).
5
Let s(m) = m - 8. Give s(17).
9
Let u(w) = 3*w**3 + w**2 - 4*w. Give u(2).
20
Let s(t) = -5*t - 86. Calculate s(-16).
-6
Let m(g) = -10*g + 1. Calculate m(1).
-9
Let i(m) = m - 15. Give i(0).
-15
Let k(i) = i**3 + 6*i**2 + 3*i + 4. Determine k(-4).
24
Let l(t) = 6*t + 117. What is l(-14)?
33
Let g(u) = u**2 + 10*u + 5. What is g(-6)?
-19
Let k(y) = y**3 + 3*y**2 - y - 9. Give k(-3).
-6
Let q(n) = -n**3 + 6*n**2 + 14*n + 5. Give q(8).
-11
Let z(r) = r**2 + 4*r - 14. Give z(-6).
-2
Let x(v) = -v**3 + 39*v**2 - 220*v - 14. Determine x(7).
14
Let r(o) = o**2 + 11*o - 10. Give r(0).
-10
Let k(g) = -100*g - 1. Determine k(-1).
99
Let f(z) = -18*z**2 + 1. Determine f(-1).
-17
Let f(g) = -2*g**3 + 5*g**2 - 4*g. What is f(2)?
-4
Let d(h) = h**2 - 8*h - 62. Determine d(11).
-29
Let h(n) = -n**3 - 3*n**2 + 4*n + 3. Calculate h(-2).
-9
Let z(l) = l**2 + 15*l + 28. What is z(-13)?
2
Let a(f) = -f**2 - 19*f + 49. Determine a(-21).
7
Let k(p) = -4*p**2 + 5*p + 17. Calculate k(8).
-199
Let u(r) = -r**3 + 4*r**2 + 13*r - 6. Calculate u(6).
0
Let d(c) = 3*c - 8. Give d(-7).
-29
Let q(k) = -k**3 + 10*k + 17. Give q(-4).
41
Let n(u) = -11*u - 7. Give n(-2).
15
Let s(v) = 7*v + 206. What is s(-31)?
-11
Let f(z) = z - 34. What is f(12)?
-22
Let f(o) = -5*o**2 - o - 1. Calculate f(-1).
-5
Let j(v) = 177*v + 883. Determine j(-5).
-2
Let v(m) = 2*m**2 + 4*m - 7. What is v(-5)?
23
Let q(f) = 9*f**2 + 4*f + 1. Calculate q(-2).
29
Let u(w) = -2*w**3 + w**2 - w + 1. Determine u(1).
-1
Let z(c) = c**3 + 7*c**2 - 5*c - 5. What is z(-7)?
30
Let g(r) = -6*r + 29. Determine g(5).
-1
Let x(y) = -5*y**2. Determine x(2).
-20
Let p(b) = b**2 + 6*b + 4. Calculate p(-4).
-4
Let t(d) = -2*d - 1. What is t(0)?
-1
Let i(n) = 34*n**2 - n. Calculate i(1).
33
Let n(j) = j**3 - 13*j**2 + 19*j + 30. Determine n(11).
-3
Let r(o) = -o**3 + 7*o**2. Calculate r(7).
0
Let x(q) = q**3 - 4*q**2 - 2*q - 2. Determine x(4).
-10
Let v(b) = b**3 - 2*b**2 - 7*b + 5. What is v(5)?
45
Let d(f) = f + 27. Calculate d(-20).
7
Let p(z) = z**3 + z**2 - 4*z - 4. Determine p(-2).
0
Let r(s) = s**3 - 8*s**2 - 10*s - 3. Determine r(9).
-12
Let z(c) = -c**2 + c + 150. What is z(0)?
150
Let k(d) = d**2 - 12*d + 25. Give k(9).
-2
Let m(h) = -h**2 - 17*h - 65. What is m(-10)?
5
Let t(s) = s**2 + 14*s - 101. Calculate t(-19).
-6
Let j(w) = -38*w - 183. Calculate j(-5).
7
Let n(c) = 3*c**2 - 4*c + 1. Determine n(-4).
65
Let c(v) = -v**2 - 20*v - 19. What is c(-19)?
0
Let v(h) = h**3 - 16*h**2 + 14*h + 14. Determine v(15).
-1
Let c(z) = 13*z + 23. Determine c(-6).
-55
Let n(p) = p**3 - 23*p**2 + 22*p - 5. Calculate n(22).
-5
Let s(w) = -27*w**3 + w**2 + w + 1. Give s(-1).
28
Let s(q) = 9*q - 17. Give s(7).
46
Let d(r) = -r - 4. What is d(10)?
-14
Let n(f) = -8*f - 2. Determine n(-4).
30
Let w(b) = -37*b + 62. Calculate w(2).
-12
Let o(v) = v - 20. What is o(11)?
-9
Let a(k) = 2*k - 2. Determine a(-7).
-16
Let z(p) = -6*p - 14. Determine z(-4).
10
Let g(w) = -w**2 + 10*w + 11. Determine g(12).
-13
Let q(p) = 7*p**2 - 37*p + 40. What is q(4)?
4
Let t(j) = j**2 - 16*j + 18. Give t(14).
-10
Let i(m) = -3*m**2 - 4*m + 3. Determine i(1).
-4
Let f(d) = 2*d**2 - 8*d + 8. What is f(4)?
8
Let v(r) = r**3 + 6*r**2 + 9. Determine v(-5).
34
Let g(a) = a**3 - 8*a**2 + 6*a - 23. What is g(8)?
25
Let n(o) = 19*o - 79. Give n(4).
-3
Let z(y) = y**2 + 30*y + 41. What is z(-29)?
12
Let z(p) = p**3 + 5*p**2 - 4*p - 6. Determine z(-6).
-18
Let o(w) = -12*w - 5. Calculate o(0).
-5
Let z(i) = -2*i**2 - 11. Calculate z(8).
-139
Let x(v) = 3*v**2 + 4*v - 2. Give x(-2).
2
Let t(l) = -l - 72. Give t(17).
-89
Let w(t) = -t**2 - 12*t - 10. Calculate w(-11).
1
Let w(c) = -2*c**2 - 7*c + 5. What is w(-8)?
-67
Let w(h) = -h + 17. What is w(-5)?
22
Let x(s) = 15*s - 551. What is x(37)?
4
Let h(i) = -i - 1. Determine h(-1).
0
Let u(k) = -21*k**2 + 2*k - 2. Determine u(1).
-21
Let k(z) = -z. Calculate k(4).
-4
Let v(l) = l**3 + 13*l**2 - 47*l + 39. Determine v(-16).
23
Let v(j) = 37*j - 238. What is v(6)?
-16
Let t(p) = p**2 + 16*p + 42. Give t(-12).
-6
Let a(k) = -k**3 + 5*k**2 - 6*k + 6. Give a(4).
-2
Let j(z) = 2*z - 4. What is j(15)?
26
Let f(y) = 9*y + 7. Give f(9).
88
Let f(w) = -w**3 - 32*w**2 + 66*w - 63. Give f(-34).
5
Let p(b) = 10*b - 16. Determine p(3).
14
Let j(r) = r**3 - r**2 + r - 17. Give j(0).
-17
Let b(t) = t**3 - 11*t**2 + 13*t + 14. Give b(10).
44
Let v(l) = -l**3 + 9*l**2 - 7*l - 2. Determine v(8).
6
Let o(r) = r**3 - r**2 - 9*r - 2. What is o(4)?
10
Let v(j) = j**2 - 10*j + 19. Calculate v(6).
-5
Let z(n) = 55*n**3 + 8*n + 7. Determine z(-1).
-56
Let z(j) = j**3 - 27*j**2 - 30*j + 32. Give z(28).
-24
Let v(w) = w**3 + 11*w**2 - 12*w + 8. What is v(-12)?
8
Let v(z) = -z**2 - 40*z + 960. Calculate v(-57).
-9
Let t(j) = 13*j + 19. Calculate t(-3).
-20
Let f(k) = 3*k + 39. Calculate f(-8).
15
Let q(s) = s + 40. Determine q(-18).
22
Let y(q) = 4*q**2 + 49*q - 50. What is y(1)?
3
Let z(t) = 25*t - 362. Give z(14).
-12
Let c(n) = n + 9. Determine c(-11).
-2
Let a(p) = 2*p**2 - p + 26. Determine a(0).
26
Let j(h) = -h**3 + 3*h**2 - 4*h - 5. Determine j(4).
-37
Let k(b) = -3*b + 87. What is k(28)?
3
Let g(d) = -d**2 + 6*d - 6. What is g(5)?
-1
Let z(h) = h**3 - 16*h**2 - 16*h - 4. Give z(17).
13
Let q(d) = -d**2 + 58*d - 780. Calculate q(22).
12
Let u(g) = -g**3 - 9*g**2 + 7*g - 27. What is u(-10)?
3
Let o(u) = -u**2 - u - 5. Calculate o(0).
-5
Let h(w) = -w**2 - 11*w - 21. What is h(-5)?
9
Let q(t) = -109*t**3 + t**2 + 2*t + 2. Calculate q(-1).
110
Let k(l) = 2*l - 14. What is k(9)?
4
Let j(x) = -3*x**3 - 2*x**2 + 5*x - 5. Determine j(-3).
43
Let k(c) = 7*c + 3. Calculate k(-1).
-4
Let z(u) = -2*u**3 - 21*u**2 - 25*u + 34. Determine z(-9).
16
Let r(v) = v**3 - 11*v**2 + 15*v - 3. Determine r(8).
-75
Let h(y) = -4*y**2 + 10*y + 78. Give h(-4).
-26
Let i(r) = r**3 + 4*r**2 - 3*r - 15. Determine i(-3).
3
Let i(b) = 2*b + 14. Give i(5).
24
Let c(r) = 6*r - 81. Determine c(13).
-3
Let p(w) = w**2 + 6*w + 3. Determine p(-7).
10
Let h(r) = -r**3 + 12*r**2 - 24*r - 11. Calculate h(9).
16
Let k(o) = o**3 - 19*o**2 + 20*o - 40. Calculate k(18).
-4
Let s(i) = i**2 - 146*i + 1100. Calculate s(8).
-4
Let a(h) = 3*h + 19. What is a(23)?
88
Let p(q) = -q - 7. What is p(10)?
-17
Let i(w) = w**3 - 18*w**2 - 12*w - 131. What is i(19)?
2
Let z(f) = -f**3 - 38*f**2 + 1. What is z(-38)?
1
Let y(z) = -16*z + 84. Give y(6).
-12
Let k(p) = -p + 5. Give k(7).
-2
Let n(x) = 10*x + 37. Give n(-3).
7
Let u(y) = -y - 63. What is u(0)?
-63
Let l(g) = g**3 + 12*g**2 - 11*g. Calculate l(-13).
-26
Let n(h) = -22*h + 202. Wh